visor of 148203 and 649?
11
Calculate the highest common factor of 187 and 965844.
11
Calculate the highest common divisor of 18551 and 1664.
13
What is the greatest common factor of 1215 and 77985?
45
Calculate the highest common divisor of 76 and 108699.
19
Calculate the greatest common factor of 251 and 23.
1
Calculate the highest common divisor of 468 and 38415.
39
Calculate the greatest common divisor of 27 and 2889.
27
Calculate the greatest common factor of 21280 and 85.
5
Calculate the greatest common divisor of 100902 and 2412.
402
What is the greatest common factor of 672 and 6993?
21
What is the highest common divisor of 735 and 6258?
21
What is the greatest common divisor of 2825 and 17289?
113
What is the highest common divisor of 248217 and 1488?
93
What is the greatest common factor of 176146 and 29?
29
Calculate the highest common factor of 24192 and 127296.
576
Calculate the highest common factor of 2170 and 294190.
310
What is the greatest common factor of 43240 and 920?
920
Calculate the highest common factor of 77088 and 319.
11
What is the highest common factor of 32 and 108656?
16
What is the greatest common divisor of 272736 and 8?
8
Calculate the highest common factor of 29080 and 260.
20
What is the greatest common factor of 37526 and 66641?
647
Calculate the greatest common factor of 35752 and 4428.
164
What is the highest common factor of 24344 and 238?
34
What is the greatest common factor of 48 and 249384?
24
What is the highest common divisor of 3717 and 13608?
63
Calculate the highest common factor of 25126 and 31144.
34
Calculate the highest common factor of 288600 and 130.
130
Calculate the highest common factor of 174 and 2742.
6
Calculate the greatest common factor of 66098 and 2.
2
What is the greatest common factor of 675 and 11637?
27
Calculate the greatest common divisor of 12 and 8264.
4
What is the highest common factor of 97036 and 476?
68
Calculate the greatest common divisor of 4286616 and 24.
24
Calculate the greatest common divisor of 13668 and 1020.
204
Calculate the greatest common divisor of 3204 and 143379.
801
What is the greatest common factor of 180 and 31905?
45
Calculate the highest common divisor of 3692575 and 25.
25
Calculate the highest common divisor of 3188345 and 5.
5
Calculate the highest common factor of 1528 and 2034532.
764
What is the highest common divisor of 2 and 1569?
1
Calculate the highest common factor of 1657720 and 110.
10
What is the highest common divisor of 315 and 440811?
63
Calculate the highest common divisor of 13 and 104897.
13
What is the highest common factor of 26290745 and 3365?
3365
What is the greatest common factor of 66312 and 24?
24
What is the highest common factor of 16 and 20656?
16
What is the highest common divisor of 18356 and 299?
13
What is the highest common factor of 381684 and 6?
6
Calculate the greatest common divisor of 45 and 610173.
9
What is the highest common factor of 4 and 94322?
2
Calculate the greatest common divisor of 1398 and 570.
6
Calculate the highest common factor of 7798 and 826.
14
What is the greatest common divisor of 49844 and 34?
34
What is the greatest common factor of 36084 and 1767?
93
What is the greatest common divisor of 5712 and 3696?
336
Calculate the greatest common divisor of 28410 and 1250.
10
What is the highest common factor of 7633 and 32328?
449
What is the highest common factor of 2 and 3387654?
2
Calculate the greatest common divisor of 450 and 347850.
450
Calculate the highest common factor of 6 and 11406.
6
What is the greatest common divisor of 322 and 463519?
161
What is the greatest common divisor of 39780 and 1300?
260
Calculate the highest common divisor of 123 and 117916.
41
What is the greatest common divisor of 4618375 and 250?
125
Calculate the greatest common divisor of 3155 and 771713.
631
What is the greatest common factor of 25088 and 252?
28
Calculate the greatest common factor of 196 and 42056.
28
Calculate the highest common factor of 162 and 5850.
18
What is the greatest common factor of 102 and 1939156?
34
What is the greatest common divisor of 2384 and 45743?
149
What is the greatest common factor of 176 and 2524016?
176
Calculate the greatest common factor of 17116 and 572.
44
Calculate the greatest common divisor of 132841 and 71.
71
What is the highest common factor of 16 and 995?
1
What is the greatest common divisor of 360 and 670?
10
What is the greatest common factor of 2078580 and 303?
303
What is the highest common divisor of 2145 and 28380?
165
Calculate the greatest common factor of 207 and 18285.
69
Calculate the highest common divisor of 7474 and 126250.
202
Calculate the highest common factor of 137 and 7261.
137
What is the highest common divisor of 284968 and 6444?
716
What is the highest common factor of 440625 and 250?
125
Calculate the greatest common factor of 2697310 and 385.
385
What is the greatest common factor of 1854 and 246994?
206
Calculate the highest common factor of 2920 and 13240.
40
What is the greatest common factor of 63 and 231658?
7
Calculate the greatest common divisor of 31117 and 37.
37
What is the highest common factor of 63 and 243?
9
Calculate the highest common divisor of 1287 and 3237.
39
Calculate the highest common factor of 31 and 3679979.
31
Calculate the greatest common divisor of 2703 and 17331.
159
What is the greatest common divisor of 809 and 12265249?
809
What is the highest common divisor of 20 and 2348?
4
What is the highest common factor of 66 and 384978?
66
Calculate the greatest common divisor of 1376928 and 683.
683
Calculate the greatest common divisor of 26598 and 53460.
66
Calculate the highest common factor of 525492 and 6.
6
What is the greatest common divisor of 6714 and 441?
9
What is the greatest common divisor of 672 and 120512?
224
Calculate the greatest common divisor of 9 and 17883.
9
What is the greatest common factor of 243 and 7104348?
243
Calculate the highest common divisor of 39377 and 4563.
169
What is the greatest common divisor of 50 and 106325?
25
What is the greatest common divisor of 7953 and 44?
11
Calculate the highest common divisor of 517 and 1485.
11
What is the highest common factor of 24068 and 572?
44
What is the greatest common divisor of 25 and 186575?
25
What is the greatest common divisor of 591 and 652267?
197
What is the greatest common factor of 1963638 and 708?
354
Calculate the highest common factor of 515850 and 90.
30
What is the highest common divisor of 86 and 229749?
43
What is the greatest common factor of 382827 and 12?
3
Calculate the greatest common factor of 165 and 99090.
15
What is the highest common factor of 23318 and 42898?
178
Calculate the greatest common divisor of 1420 and 30459.
71
Calculate the greatest common factor of 286 and 806.
26
What is the highest common factor of 162130 and 930?
310
Calculate the highest common factor of 4375 and 35840.
35
What is the greatest common factor of 13897 and 78?
13
What is the greatest common divisor of 2 and 70589?
1
Calculate the greatest common divisor of 190465 and 33.
11
Calculate the greatest common factor of 10 and 123285.
5
What is the highest common divisor of 1764 and 1260?
252
What is the greatest common factor of 118323 and 9?
9
What is the highest common factor of 1316497 and 1258?
629
Calculate the highest common divisor of 180 and 952488.
36
Calculate the greatest common factor of 300 and 441200.
100
Calculate the greatest common factor of 616168 and 392.
56
Calculate the greatest common divisor of 35557 and 18352.
1147
Calculate the greatest common factor of 63 and 540603.
63
What is the highest common divisor of 383 and 121?
1
What is the highest common divisor of 676 and 4?
4
Calculate the highest common factor of 35175 and 1809.
201
Calculate the highest common factor of 115230 and 621.
69
What is the highest common divisor of 300 and 796350?
150
What is the greatest common divisor of 507 and 21?
3
Calculate the highest common factor of 506 and 95726.
46
Calculate the highest common factor of 486 and 152118.
486
Calculate the greatest common factor of 2376 and 450.
18
What is the highest common factor of 2990 and 481?
13
What is the greatest common factor of 21294 and 1872?
234
Calculate the highest 